3
List the prime factors of 8708.
2, 7, 311
List the prime factors of 3350.
2, 5, 67
List the prime factors of 35930.
2, 5, 3593
List the prime factors of 17575.
5, 19, 37
List the prime factors of 302.
2, 151
What are the prime factors of 19795?
5, 37, 107
What are the prime factors of 53667?
3, 67, 89
What are the prime factors of 11270?
2, 5, 7, 23
List the prime factors of 207.
3, 23
List the prime factors of 12277.
12277
List the prime factors of 3804.
2, 3, 317
List the prime factors of 7431.
3, 2477
What are the prime factors of 53?
53
List the prime factors of 787.
787
What are the prime factors of 3260?
2, 5, 163
List the prime factors of 1979.
1979
What are the prime factors of 33066?
2, 3, 11, 167
What are the prime factors of 65714?
2, 11, 29, 103
List the prime factors of 750.
2, 3, 5
List the prime factors of 9217.
13, 709
List the prime factors of 72649.
72649
What are the prime factors of 18655?
5, 7, 13, 41
What are the prime factors of 1146?
2, 3, 191
What are the prime factors of 9343?
9343
What are the prime factors of 11219?
13, 863
What are the prime factors of 41202?
2, 3, 7, 109
List the prime factors of 2292.
2, 3, 191
What are the prime factors of 7595?
5, 7, 31
What are the prime factors of 3674?
2, 11, 167
What are the prime factors of 9747?
3, 19
What are the prime factors of 44281?
44281
What are the prime factors of 205?
5, 41
What are the prime factors of 671?
11, 61
What are the prime factors of 1007?
19, 53
What are the prime factors of 457?
457
What are the prime factors of 5067?
3, 563
What are the prime factors of 39585?
3, 5, 7, 13, 29
What are the prime factors of 11690?
2, 5, 7, 167
What are the prime factors of 7516?
2, 1879
List the prime factors of 10776.
2, 3, 449
What are the prime factors of 58656?
2, 3, 13, 47
What are the prime factors of 739?
739
List the prime factors of 15870.
2, 3, 5, 23
What are the prime factors of 3282?
2, 3, 547
List the prime factors of 6540.
2, 3, 5, 109
List the prime factors of 7558.
2, 3779
What are the prime factors of 1075?
5, 43
List the prime factors of 137978.
2, 19, 3631
What are the prime factors of 41277?
3, 13759
What are the prime factors of 1218?
2, 3, 7, 29
List the prime factors of 755.
5, 151
What are the prime factors of 35473?
19, 1867
List the prime factors of 72685.
5, 14537
What are the prime factors of 21770?
2, 5, 7, 311
List the prime factors of 46.
2, 23
What are the prime factors of 962?
2, 13, 37
List the prime factors of 8475.
3, 5, 113
What are the prime factors of 780?
2, 3, 5, 13
What are the prime factors of 321?
3, 107
What are the prime factors of 1095?
3, 5, 73
What are the prime factors of 3280?
2, 5, 41
What are the prime factors of 694?
2, 347
What are the prime factors of 171734?
2, 17, 5051
List the prime factors of 878.
2, 439
List the prime factors of 3069.
3, 11, 31
What are the prime factors of 961?
31
List the prime factors of 5140.
2, 5, 257
List the prime factors of 2251.
2251
What are the prime factors of 25243?
25243
List the prime factors of 909.
3, 101
What are the prime factors of 1633?
23, 71
What are the prime factors of 92155?
5, 7, 2633
What are the prime factors of 2259?
3, 251
List the prime factors of 16322.
2, 8161
What are the prime factors of 17261?
41, 421
List the prime factors of 16166.
2, 59, 137
What are the prime factors of 235?
5, 47
List the prime factors of 7018.
2, 11, 29
List the prime factors of 2040.
2, 3, 5, 17
List the prime factors of 1736.
2, 7, 31
List the prime factors of 7444.
2, 1861
What are the prime factors of 3909?
3, 1303
What are the prime factors of 903?
3, 7, 43
List the prime factors of 1115.
5, 223
List the prime factors of 2582.
2, 1291
List the prime factors of 48789.
3, 13, 139
List the prime factors of 24126.
2, 3, 4021
What are the prime factors of 18520?
2, 5, 463
List the prime factors of 11883.
3, 17, 233
What are the prime factors of 613?
613
List the prime factors of 5760.
2, 3, 5
List the prime factors of 31534.
2, 15767
What are the prime factors of 13844?
2, 3461
What are the prime factors of 1694?
2, 7, 11
List the prime factors of 26587.
11, 2417
List the prime factors of 27960.
2, 3, 5, 233
List the prime factors of 7792.
2, 487
List the prime factors of 2250.
2, 3, 5
List the prime factors of 1284.
2, 3, 107
What are the prime factors of 3159?
3, 13
List the prime factors of 3206.
2, 7, 229
List the prime factors of 1618.
2, 809
List the prime factors of 53388.
2, 3, 1483
What are the prime factors of 288?
2, 3
What are the prime factors of 1686?
2, 3, 281
What are the prime factors of 5082?
2, 3, 7, 11
What are the prime factors of 69?
3, 23
What are the prime factors of 11388?
2, 3, 13, 73
What are the prime factors of 1510?
2, 5, 151
What are the prime factors of 89617?
11, 8147
What are the prime factors of 2647?
2647
What are the prime factors of 70872?
2, 3, 2953
What are the prime factors of 61485?
3, 5, 4099
What are the prime factors of 17051?
17, 59
What are the prime factors of 1249?
1249
List the prime factors of 832.
2, 13
List the prime factors of 63369.
3, 2347
What are the prime factors of 2067?
3, 13, 53
What are the prime factors of 7553?
7, 13, 83
What are the prime factors of 5011?
5011
What are the prime factors of 841?
29
List the prime factors of 1905.
3, 5, 127
List the prime factors of 50536.
2, 6317
List the prime factors of 7718.
2, 17, 227
List the prime factors of 791.
7, 113
What are the prime factors of 2042?
2, 1021
What are the prime factors of 7?
7
List the prime factors of 2170.
2, 5, 7, 31
List the prime factors of 127609.
127609
List the prime factors of 38086.
2, 137, 139
What are the prime factors of 1394?
2, 17, 41
What are the prime factors of 1376?
2, 43
What are the prime factors of 72152?
2, 29, 311
List the prime factors of 3168.
2, 3, 11
List the prime factors of 14882.
2, 7, 1063
What are the prime factors of 17362?
2, 8681
What are the prime factors of 148?
2, 37
List the prime factors of 3454.
2, 11, 157
What are the prime factors of 194?
2, 97
List the prime factors of 38457.
3, 4273
List the prime factors of 61026.
2, 3, 7, 1453
List the prime factors of 101317.
71, 1427
What are the prime factors of 45916?
2, 13, 883
List the prime factors of 6995.
5, 1399
List the prime factors of 942.
2, 3, 157
What are the prime factors of 2127?
3, 709
What are the prime factors of 3295?
5, 659
What are the prime factors of 67368?
2, 3, 7, 401
What are the prime factors of 2818?
2, 1409
What are the prime factors of 11875?
5, 19
List the prime factors of 54035.
5, 101, 107
What are the prime factors of 410?
2, 5, 41
List the prime factors of 6241.
79
List the prime factors of 116439.
3, 37, 1049
What are the prime factors of 1561?
7, 223
What are the prime factors of 6675?
3, 5, 89
List the prime factors of 614.
2, 307
List the prime factors of 176021.
176021
What are the prime factors of 766?
2, 383
List the prime factors of 10635.
3, 5, 709
List the prime factors of 6287.
6287
List the prime factors of 27716.
2, 13, 41
List the prime factors of 5354.
2, 2677
List the prime factors of 22775.
5, 911
List the prime factors of 561.
3, 11, 17
List the prime factors of 681.
3, 227
List the prime factors of 62711.
11, 5701
What are the prime factors of 2058?
2, 3, 7
List the prime factors of 1866.
2, 3, 311
What are the prime factors of 1008?
2, 3, 7
What are the prime factors of 432?
2, 3
What are the prime factors of 11136?
2, 3, 29
List the prime factors of 104726.
2, 52363
What are the prime factors of 97294?
2, 48647
List the prime factors of 802.
2, 401
What are the prime factors of 81359?
81359
What are the prime factors of 840?
2, 3, 5, 7
What are the prime factors of 828?
2, 3, 23
List the prime factors of 14046.
2, 3, 2341
What are the prime factors of 6357?
3, 13, 163
List the prime factors of 1453.
1453
What are the prime factors of 46729?
83, 563
List the prime factors of 21125.
5, 13
List the prime factors of 27533.
11, 2503
What are the prime factors of 953?
953
List the prime factors of 27386.
2, 13693
List the prime factors of 1555.
5, 311
What are the prime factors of 9925?
5, 397
List the prime factors of 9122.
2, 4561
What are the prime factors of 71612?
2, 17903
List the prime factors of 4895.
5, 11, 89